 1 + 0. What is n(x)?
9
Suppose -14 + 23 = 3*c, 0 = 4*k + 5*c - 23. Let a(r) = -r**2 + 3*r**3 - r - k*r**3 - r. Let v = 0 + -2. Determine a(v).
-8
Let h(s) = -2*s**2 - 10*s + 6. Let n(d) = d**2 + d. Let a(b) = h(b) + 3*n(b). What is a(7)?
6
Let x(y) be the third derivative of -y**5/60 + y**4/3 + 7*y**3/2 - 21*y**2. Determine x(10).
1
Let a(f) = -f**2 - 7*f. Suppose -5*s = 5*j - 140, 0 = 5*j - 7*s + 4*s - 172. Let t be (-18)/(-4)*j/12. Suppose r = c + t - 3, -2*r + 13 = -c. Calculate a(c).
10
Let r be 7 + (-126)/30 - 8/10. Suppose 0 = r*a - 1 + 13. Let h(d) = 4 - 1 + 5*d + d**2 - 4. Determine h(a).
5
Let d(o) be the first derivative of o**4/4 + 5*o**3/3 + 4*o - 2. Let s be d(-5). Let g(x) = 0 - s + 0*x - x. Calculate g(-5).
1
Suppose 4*f = -3*b + 25, 4 + 11 = b + 3*f. Suppose -2*j + 30 = -4*u, -j + b*j = -2*u + 18. Let w(x) = j*x - 11*x + 2 + 8*x + x**2. Calculate w(-7).
-5
Let b(n) = -25*n - 12. Let y(k) = -9*k - 4. Let l(i) = 6*b(i) - 17*y(i). What is l(-4)?
-16
Let m be 30/(-15) - (-16)/1. Let f be m/8 - 3/(-12). Let c(j) = -9 + 6 - f*j + 2. Determine c(1).
-3
Let a(t) = -t**2 - 7*t + 6. Let w(q) = -40*q - 409. Let g be w(-10). Calculate a(g).
-12
Let l(w) be the third derivative of -w**7/5040 - 17*w**6/720 + 17*w**5/60 - 13*w**2. Let y(h) be the third derivative of l(h). Calculate y(-13).
-4
Suppose 0 - 1 = -s. Let x(y) = y - 7 + 0 + 5 + s. Give x(2).
1
Let b(d) = -285 + 2*d + 298 + d**3 + 6*d**2 + 0*d**3. Let c be b(-6). Let k(s) be the third derivative of -s**5/10 - s**3/6 + 2*s**2. Calculate k(c).
-7
Let j(m) be the first derivative of 2*m**3/3 + 7*m**2 - 2*m - 64. Suppose -5*g + 3*g - 14 = 0. Let p be j(g). Let r(i) = -2*i**3 - i**2 + 2*i - 1. Give r(p).
7
Let v(l) = l. Let o = -20 + 39. Let m = 36 - o. Let u = -16 + m. Calculate v(u).
1
Let q(k) be the third derivative of -k**5/60 - k**2. Let j(p) = p**2 + 3*p + 1. Suppose 5*t = 16 - 26. Let f be j(t). Give q(f).
-1
Let j(r) = 1 + 2 - 4 - r**3 + 2*r + 0*r. Let b be (-4)/((-1)/4*-2). Let w be (b/(-12))/((-1)/(-3)). Give j(w).
-5
Let t(n) = 4. Let w(s) = 2*s**2 + 5*s + 9. Let v(l) = -4*t(l) + w(l). Give v(-5).
18
Suppose x = 10 - 3. Let r(f) = f**2 - 7*f + 9. Let s(n) = -4*n + 5. Let j(z) = x*s(z) - 4*r(z). Determine j(-1).
-5
Let z(g) = g - 1. Let q(s) = -5*s. Let b(i) = q(i) + 3*z(i). Let y(d) = 0*d**2 - 6 - 4*d + d**2 - 4*d. Let f be y(8). Calculate b(f).
9
Suppose 0*j + 3*j - 24 = 0. Suppose 2*u - 5*d = 12, -3*u + j = -2*d + 1. Let h(a) = 2*a + 1. Determine h(u).
3
Suppose 0 = -5*f - 3*f. Let i(a) be the third derivative of 5*a**2 + 0*a + f - 2/3*a**3 - 1/24*a**4. Calculate i(5).
-9
Let d = 27 + -22. Let y(u) = 3*u + d*u - 8*u + u + 5. What is y(-7)?
-2
Let p(l) = 34*l**3 + 32*l**3 - 3*l + 33*l**3 - 6*l**2 - 3 - 100*l**3. Let f = 14 - 18. What is p(f)?
-23
Let b(n) = -n**3 + 11*n**2 - 7*n - 7. Suppose 0 = -2*d + 249 - 229. Determine b(d).
23
Let b(x) be the second derivative of 7*x**4/6 - x**3/3 + x**2/2 + 131*x. Determine b(1).
13
Let d = -37/3 - -41/3. Let l(o) be the first derivative of -d*o**3 - 1/2*o**4 - 2*o + 5 - 3/2*o**2. Calculate l(-2).
4
Let q(i) be the third derivative of -i**5/60 - i**3/3 + 62*i**2 - 2*i. Determine q(-2).
-6
Let q(g) be the third derivative of g**6/24 - g**5/60 + g**4/24 - 80*g**2. Let j be 6/10 + (-6)/(-15). Give q(j).
5
Let x(j) = 6*j + 8. Let o be x(-4). Let h = -13 - o. Let f(q) = q - h*q**2 - q**2 + 7*q**2. Calculate f(-2).
10
Let p = -11 - -13. Let m be (-4 - -1)*p/(-3). Let r(x) = x**3 - 4*x - 1 + 0*x + 4*x + 2*x**m. Calculate r(1).
2
Let o(g) = g**3 + 8*g**2 - 21*g - 9. Let b be o(-10). Let w(r) = 7*r**2 + r**2 + 4 - 5 + 2*r + r**2. Determine w(b).
10
Let x(u) = 2*u - 14. Suppose -3*j + 4*c + 16 = 8*c, 3*j - c = -4. Determine x(j).
-14
Let p(b) = -b**3 + 6*b**2 + 9*b + 6. Let a be p(7). Let u = -18 + a. Let v(x) = -2*x**u + 6*x**2 + 1 + 82*x - 3 - 80*x. Determine v(-2).
10
Suppose 3*q - 8 = -4*b + 3, -3*q + 15 = 0. Let a(s) = -1 - 4*s**2 - 2*s - s**3 + 2*s**2 + 0. Give a(b).
0
Let v(k) = 3*k + 2*k - 3*k + 214 - 216. Give v(5).
8
Suppose -2 = -y - 0*y. Let v be (-60)/(-24) + 3/6. Let f(u) = 17 - 15 - 123*u**v + 124*u**3 + u - 3*u**2. Calculate f(y).
0
Let v(s) = -3*s + 5*s + 6*s - 2*s + s. Determine v(-6).
-42
Let t = -187/7 + 409/14. Let f(n) be the first derivative of 1/4*n**4 - n**3 + 5*n - 1 - t*n**2. Give f(4).
1
Suppose -3*j = -p - 13, -4*p - 4*j + 15 + 13 = 0. Let n(x) = -p + 5*x + 3 + 0 - 4*x. Determine n(3).
4
Suppose 0 = -6*u + u - 5. Let h(o) = o. Let g(z) = -3*z + 1. Let f(b) = u*h(b) + g(b). Give f(-3).
13
Let n(s) = -s**2 - 5*s + 1. Let r(u) = 2*u**2 + 9*u - 1. Let f(a) = -5*n(a) - 3*r(a). Suppose 6*q - 10*q = -5*x + 2, -4*x + 7 = -5*q. Give f(q).
-5
Let o(j) = 257 - 2*j - 108 - 5*j**2 - 130 + j**3 - 8*j**2. What is o(13)?
-7
Let y(s) be the second derivative of -s**3/6 + 8*s**2 - 3*s + 26. Give y(14).
2
Suppose 9*f - 12*f - 24 = 0. Let u(t) = -t - 1. Determine u(f).
7
Let c(i) = 2*i**3 + i**2 - 2*i + 2. Let v be c(1). Suppose 3*k + 2*n = 4*k - v, k + 3*n = 3. Let m(g) = g - 7. Determine m(k).
-4
Let n be (498/(-60) - -7) + 18/60. Let u(i) = -1 - i + 0*i + 9*i. Calculate u(n).
-9
Let a(w) = 4*w + 13. Let o(y) = -y**3 - 7*y**2 - 2*y - 84. Let c be o(-8). Determine a(c).
-3
Let t(v) be the first derivative of -2*v**3 - 5*v**2 - 18*v - 22. Let j(l) = -4*l**2 - 7*l - 12. Let u(f) = -8*j(f) + 5*t(f). Calculate u(-4).
14
Let a(q) be the second derivative of -q**3/2 + 11*q. Suppose 0 = 3*y + y - 16. Suppose -4*w = -5*v - 7, v = -3*w + y*v + 6. What is a(w)?
-9
Let v be (-5)/((-15)/(-36))*19/(-76). Let l(b) be the third derivative of 0*b - 1/24*b**4 + 0 - 5*b**2 - 2/3*b**v. What is l(-3)?
-1
Let h(b) = 2*b + 7. Suppose 154 = 16*o + 90. Give h(o).
15
Let i be ((-11781)/(-255) - 46)/(68/(-70) + 1). Let v(h) = -h + 1 + 5 + 0*h. Determine v(i).
-1
Let h(q) = q**3 - q**2 - q - 1. Let s = -4 + 2. Let c(y) = -37*y**2 + 0*y**3 - 2*y - 2*y**3 + 7 + 34*y**2 - y**3. Let w(a) = s*h(a) - c(a). Calculate w(-4).
-5
Let f(x) = 26*x**2 - x. Let y(p) = 19*p**2 + 36*p - 3. Let b be y(-2). Give f(b).
25
Let u(i) = i**3 - 7*i**2 + 9*i - 9. Let d = 1152 - 1147. What is u(d)?
-14
Let r(y) = 3*y**2 - 5*y - 9. Let w(v) = v**2 - 3*v - 5. Let k(j) = 3*r(j) - 5*w(j). Determine k(2).
14
Let w = 83 - 61. Suppose -t - w + 14 = 0. Let o(s) = -s**2 - 8*s - 9. Give o(t).
-9
Let q(w) = 12*w**2 - 5*w + 5. Let t(u) = 7*u**2 - 2*u + 3. Let c(j) = -4*q(j) + 7*t(j). What is c(-4)?
-7
Let q(z) = z**2 - 1. Let f be (-23)/(-2) + 1/(-2). Let g be (4/6)/((-3)/(297/6)). Let d = f + g. Calculate q(d).
-1
Let l be -4 + 1 - (9 + (-511)/42). Let k(b) be the second derivative of 7/2*b**2 - 1/20*b**5 - 1/2*b**4 + l*b**3 + 0 - 4*b. Determine k(-6).
1
Let p(y) = -y**2 + 6*y. Suppose 4 = 2*x - x. Suppose n - 25 = -x*n. Give p(n).
5
Let v(m) be the third derivative of m**4/6 + m**3 + 166*m**2. Give v(-6).
-18
Let m(r) = 5*r**2 - 2*r + 14. Let j(t) = t**2 + 1. Let u(q) = -6*j(q) + m(q). What is u(-6)?
-16
Let i(m) = m**3 + 9*m**2 - 10*m + 4. Let g be i(-10). Let o(c) be the first derivative of -c**4/4 + 5*c**3/3 - c**2 - 4*c - 2. What is o(g)?
4
Let u be (7 + -10)*(-26)/6. Let y = 13 - u. Let g(p) = 2*p**3 - p**3 + y*p**3. Determine g(2).
8
Let v be (1/3)/(-1 - 40/(-45)). Let l(j) = -j**3 - 3*j**2 - 5*j - 2. What is l(v)?
13
Let h be 2/(-8) + 70/(-40). Let y(t) = 2*t**2 - 1. What is y(h)?
7
Let c(m) = -3 - 8*m + 1 + 5*m + 1. Calculate c(-6).
17
Let p(q) = 2*q**2 - 2*q - 12. Let k be p(5). Suppose 19*b - 26*b = -k. Let a(c) = c**3 - 3*c**2 - 6*c + 1. What is a(b)?
-7
Let j(d) = d**2 - d - 1. Let a(y) = -2*y**3 + 10*y**2 - 12*y + 4. Let c be a(3). Calculate j(c).
11
Let v(r) = -3*r**2 - 31*r + 30. Let d be v(-11). Let j(o) = -o**3 + 8*o**2 + 3*o - 10. Give j(d).
14
Let c(u) = 10*u - 11. Let j be c(1). Let r(i) = -4*i + 1. Calculate r(j).
5
Let d(w) = -w**2 + 9*w - 8. Let s be d(7). Let g(r) = -2 + 1 - 6 + 3 + r + 1. Determine g(s).
3
Suppose -k + 10 = k, -2*c + 2*k - 16 = 0. Let r(z) be the second derivative of 1/6*z**3 - 6*z - z**2 + 0. Determine r(c).
-5
Suppose -l = -3*t - 12 - 17, -30 = -2*l - t. Let s = 23 - l. Let r(q) = 10*q - 21 - q**2 + q**3 - 9*q + s. Give r(0).
-15
Suppose 4*c + 4*j - 22 = 6*c, 0 = 2*j + 4. Let p = -20 - c. Let k(s) = -3*s + 2. What is k(p)?
17
Let h(s) = s**3 - 16*s